 k = 40 - 42. Let w(v) = 2*v**3 + v**2 - v. Let h be w(1). Let n(m) = 2*m + 2 + h*m + 4*m. Give n(k).
-14
Let v = -2 + 8. Suppose 0*z = 4*z - 28. Let t(p) = z - 5 + 5*p - 6*p. Determine t(v).
-4
Let x = 0 + 1. Let s(l) = l**2. Suppose 82 = -2*b + 78. Let a(w) = -5*w**2 + w. Let o(u) = b*s(u) + x*a(u). Calculate o(1).
-6
Let o(u) = 5*u + 3. Let b(m) = -11*m - 7. Suppose -h - h = -50. Let c be (-2)/(-10) + 320/h. Let k(t) = c*o(t) + 6*b(t). What is k(3)?
-6
Let p(f) be the second derivative of 0 - 6*f + 1/2*f**3 + 3/2*f**2. Suppose -7*b = -2*b + 20. Determine p(b).
-9
Let f be -3 + ((-14)/56)/((-1)/13). Let w(i) be the first derivative of 0*i + 2*i**3 - f*i**4 + 6 + 0*i**2. Determine w(6).
0
Let z(l) be the first derivative of -2*l**2 + 1/2*l**4 - 9 + l**3 - 3*l. What is z(-3)?
-18
Let o(r) = r**3 - 57 + 12 + r + 37. What is o(0)?
-8
Let o(i) = -i + 9. Let a = 106 + -101. Suppose 0*t - 5*t = a*b - 40, b = 5*t + 26. What is o(b)?
-2
Let u(i) be the third derivative of -i**4/24 - 2*i**3/3 - i**2 + 194. Calculate u(-10).
6
Suppose -f + 163 = -0*f + 2*h, 2*h = -3*f + 505. Let p(u) = 175*u + 1 + 0 - f*u - u**2 - 4. Let y = 0 + 2. What is p(y)?
1
Let j(b) = b + 35 - 78 + 41. Calculate j(-6).
-8
Let t(v) = 5*v + 3. Suppose -16 = 13*h - 17*h. What is t(h)?
23
Let k be (-5)/50*-16 - (-2)/5. Let y(t) be the third derivative of t**6/120 - t**5/20 + t**4/12 - t**3/2 + 25*t**2. Calculate y(k).
-3
Suppose -i + n = -2, 80*i - 84*i = -3*n - 9. Let y(u) = -u + 6. What is y(i)?
3
Let y(s) = -s**2 + 15*s - 43. Let b be y(11). Let a(c) be the third derivative of c**6/15 + c**5/60 + 2*c**2. What is a(b)?
9
Let w(r) = -1935*r - 5*r**2 + 961*r + 972*r + 4 + r**3. Calculate w(5).
-6
Let u(d) be the third derivative of -d**5/60 - d**4/3 + 13*d**3/6 + d**2 + 30*d. Determine u(-9).
4
Let r = 8 - 8. Let y(n) = 0 + n + r + 2. Suppose 3*p = -0*p - 5*u - 37, -4*p + u = 11. Calculate y(p).
-2
Let d(b) be the first derivative of 3/2*b**2 + 0*b - 14. Give d(2).
6
Let f(l) = l**3 - 11*l**2 + 10*l. Suppose 4*c = -5*z + 50, 5*c + 18 = -5*z + 68. Calculate f(z).
0
Let h(n) = n**2 - 12*n + 8. Let u = 135 + -125. Determine h(u).
-12
Let y be ((-3)/2)/((-2)/4). Suppose -3 + 0 = -y*j. Let g(b) = b**2 - 6 + 1 + j + 2*b + 2. Determine g(2).
6
Let b be -1 + 2 + (2 - 2). Suppose 2*r - b = r. Let a(y) = 13*y**2 - 2*y + 1. Give a(r).
12
Let g(u) be the third derivative of u**8/6720 - u**7/360 - u**6/720 + u**5/40 + 35*u**4/24 + 20*u**2. Let j(v) be the second derivative of g(v). What is j(7)?
-4
Let n(b) = -8*b + 120. Let h be n(13). Let d(a) = a**3 - 17*a**2 + 16*a + 5. Give d(h).
5
Let k(t) = t - 4. Let p(c) = c - 3. Let b(l) = 5*k(l) - 4*p(l). Let v be b(7). Let r(s) be the third derivative of s**4/6 + s**3/6 + 9*s**2. What is r(v)?
-3
Let j(f) = -1 + 0 - 2 + f. Let k be j(6). Let c(d) = k - 12*d + 14*d + 0. Calculate c(5).
13
Let a = -9 + 9. Suppose 2*o + 2*i - 14 = 0, 4*o + a*i - 3*i = -7. Let t(s) = 10*s - 1. Give t(o).
19
Let a(o) be the second derivative of 1/12*o**4 + 0 - 2*o - 3/2*o**3 + 5/2*o**2. Suppose 0 = -3*q - 4*b - 2, -9*b = q - 4*b + 19. What is a(q)?
-13
Let m(f) = -f**3 - f**2 + f - 9. Let j = -75 + 75. Calculate m(j).
-9
Let u(z) be the third derivative of -z**4/12 + z**3/6 + 5*z**2 + 8. Let l = -3 - -7. Suppose -l*v = -6 - 6. What is u(v)?
-5
Let a(n) be the first derivative of -n**5/20 - 7*n**4/12 - 4*n**3/3 - 3*n**2/2 - 21*n + 3. Let j(f) be the first derivative of a(f). Give j(-6).
9
Let q(o) = -o**3 + 2*o**2 - 2*o + 1. Suppose 0 = p - 5, 2*n - 7*n - 10 = -4*p. Let y = n + -21. Let s = 21 + y. Give q(s).
-3
Let f(g) = 2*g + 39. Let y(q) = q + 26. Let p(i) = -5*f(i) + 7*y(i). What is p(-8)?
11
Let j(t) be the third derivative of -t**4/24 + 11*t**3/6 + t**2 + 1. Give j(6).
5
Let n = -10 + 16. Let m(a) = -3*a**2 - 3*a + 5. Let p(x) = -4*x**2 - 2*x + 4. Let k(h) = -5*m(h) + 4*p(h). Give k(n).
-3
Suppose 25 = 5*f + 3*p, -5*f + 3*p + 3 = 8. Let w(k) = -3*k**2 + 1. Give w(f).
-11
Suppose 5 + 19 = 6*w. Let u = -2 + w. Let z(y) = 1 + y**u - 7*y + 17*y - 5*y. What is z(-4)?
-3
Let g(n) = 3*n**3 - 7*n**2 - 5*n - 1. Let u(t) = 8*t**3 - 13*t**2 - 11*t - 2. Let o(w) = 5*g(w) - 2*u(w). Give o(-9).
26
Let f(l) = -l + 2. Let t(o) = -o - o**3 - 2*o + 0 + 0*o**3 - 1. Let h(z) = -4*z**3 - z**2 - 12*z - 5. Let u(n) = 2*h(n) - 9*t(n). Let g be u(2). Determine f(g).
-3
Let x(f) = 2*f**2 + 3*f + 1. Suppose -5*o - 7 = -4*l, -14 = 2*l + o - 7. Calculate x(l).
3
Let d(p) = p**2 + 4*p + 4. Let i = 104 + -65. Let b = i - 43. What is d(b)?
4
Let b(h) = -h**2 - 4*h + 2. Let x be b(-5). Let d = 2 - x. Let u(s) = -5*s**2 + 4 - 2*s + 3*s + 4*s**2 + 2*s. Give u(d).
-6
Let r(b) be the first derivative of -b**5/60 - 5*b**4/24 - 2*b**3/3 + 10*b**2 - 4. Let k(g) be the second derivative of r(g). What is k(-6)?
-10
Let f = -354 - -357. Let o(g) be the second derivative of 1/6*g**f - g**2 + 2*g + 0. Give o(-3).
-5
Let d(x) be the third derivative of 1/24*x**4 - 10*x**2 + 0 + 0*x + 0*x**3 - 1/30*x**5. Give d(-2).
-10
Let l(d) = 4*d**3 - 3*d**3 - 2 + 2672*d**2 - 2 - 2677*d**2. Give l(5).
-4
Let h(f) = -9*f + 12. Let x(c) = -2*c - c + 5*c - 3. Let s(a) = -4*h(a) - 15*x(a). What is s(2)?
9
Let v be 5 + (117/(-13) - 3). Let t(b) = -b**2 - 2*b + 4. What is t(v)?
-31
Let z(u) = 4 + 0*u**2 - 11*u - 8*u + 0*u**2 - 18 - u**2. Determine z(-18).
4
Let i(s) = -s - 3. Let j be i(-10). Suppose 2 = -3*y - j. Let u(p) = -p**2 - 4*p - 2. Determine u(y).
1
Suppose -18*c + 205 = 23*c. Let h(m) be the second derivative of -m**4/12 + 7*m**3/6 - 3*m**2/2 - m. Calculate h(c).
7
Let g(n) = -23*n + 1. Suppose 5*r - 2*s + 7 = 2*s, 2*s = -2*r + 8. Calculate g(r).
-22
Let o(a) = -7*a**3 - 3*a**2 + a - 1. Let f(d) = -d**3 + d**2 - d. Let s(v) = -2*f(v) - o(v). Let z(m) = -7*m - 28. Let h be z(5). Let q = 62 + h. What is s(q)?
-8
Let m(t) = 35*t + 43. Let v(a) = -15*a - 22. Let f(k) = 4*m(k) + 9*v(k). Determine f(10).
24
Let q(r) = 3*r**2 + 2*r - 2. Let j be (4 - 5) + (3/1)/(-3). Determine q(j).
6
Let x(g) = -6*g**2 - g - 4. Let n(d) = -5*d**2 - d - 3. Let s(b) = 4*n(b) - 3*x(b). What is s(-1)?
-1
Let n(l) = -l + 4. Let j = 17 + -11. Suppose j*s = -s - 21. What is n(s)?
7
Let c(d) = -d - 5. Let v(w) = -3 + 2*w + 3 + 0 + 3. Let o be v(-4). What is c(o)?
0
Let u(g) = -g**3 - 7*g**2 + g + 7. Let c be u(-7). Suppose 5*h - 2*p - 2*p - 24 = c, 4*p = -4. Let d(w) = -3*w - h*w + w. Determine d(-1).
6
Suppose 0 = -12*p - 22 + 70. Let a(z) be the first derivative of -7 + 0*z + 1/2*z**2 + 2/3*z**3 + 3*z**p. What is a(-1)?
-11
Let f(c) = -c + c**3 - 4*c + 6 - 8*c**2 + 2*c**2 - 8*c + 11*c. Let k be (-1 + 7)/(1 - 0). Calculate f(k).
-6
Let r(h) = h**2 + h - 2. Let t = -81 - -114. Let z = t + -33. Suppose z*d - 13 = d + 2*v, 2*d = 2*v + 4. Calculate r(d).
4
Suppose 2*x + 1 - 11 = 0. Let g be -4 + 1 - (2 + -12). Let w = x - g. Let d(s) = 2*s**3 + 3*s**2 + s - 2. What is d(w)?
-8
Let d(u) = -7 + 2*u - 2*u**2 - 5*u + 3. Let z = 8 - -24. Let r = z + -35. Give d(r).
-13
Let p = -26 + 30. Suppose p*s = 11 + 1. Let y(u) = -u**2 + 4*u + 2. Determine y(s).
5
Let i(y) = -7*y + 6. Let h(x) = x + 1. Let q(v) = 6*h(v) + i(v). Calculate q(9).
3
Suppose 4*j + 40 = -15*c + 10*c, 2*c + 5*j + 33 = 0. Let g(k) = k**2 + 3*k. Give g(c).
4
Let x(i) be the first derivative of -4*i**3/3 + 7*i**2/2 - 5*i - 471. Give x(4).
-41
Let x(q) be the third derivative of q**6/120 - 7*q**5/60 + 7*q**3/6 + 9*q**2 + 20. What is x(7)?
7
Let h be (-11)/2 + 1/2. Let v(o) = 5*o**2 - 3*o + 7. Let z(q) = -12*q**2 + 15*q**2 - 3*q + 3*q**2 + 8. Let w(t) = 7*v(t) - 6*z(t). Determine w(h).
-9
Let i(r) be the first derivative of -r**4/4 - 2*r**3 - 7*r**2/2 - 4*r + 99. Give i(-4).
-8
Let o(n) = -1 - 5 + 10 + 3*n**2 + 0*n**2 + 4*n. Determine o(-2).
8
Let y(v) = -8*v**2 - 345*v + 3*v**3 - 5 + v**2 + 347*v - 4*v**3. Give y(-7).
-19
Let p(v) = 7*v + v**2 - 5*v - 8 - 4*v + 7*v. Give p(-9).
28
Let u be ((-32)/48)/(1/(-3)). Let i(b) = -4*b**u + 3 + 4*b**2 - 2 - b**2. Determine i(-2).
-3
Suppose -44 = 16*a - 124. Let s(t) = t - 7. Give s(a).
-2
Let k be 76/(-266) - (-46)/14. Let z(a) = 14*a**3 + 5*a**2 + 5*a - 23. Let s(r) = 5*r**3 + 2*r**2 + 2*r - 8. Let y(m) = 11*s(m) - 4*z(m). Determine y(k).
1
Let x(d) = -1814*d**3 - 9*d**2 + 1815*d**3 - d + 10*d. Determine x(8).
8
Let n(q) be the second derivative of